{"id":104,"date":"2023-08-08T05:51:59","date_gmt":"2023-08-08T03:51:59","guid":{"rendered":"https:\/\/marie-k-photographie.fr\/alpha\/?page_id=104"},"modified":"2024-10-02T14:47:30","modified_gmt":"2024-10-02T12:47:30","slug":"a-propos-de-moi","status":"publish","type":"page","link":"https:\/\/marie-k-photographie.fr\/index.php\/a-propos-de-moi\/","title":{"rendered":"A propos de moi"},"content":{"rendered":"\n<p><strong>MARIE K.<\/strong><\/p>\n\n\n\n<p>J\u2019ai 33 ans et je suis maman de trois enfants. Apr\u00e8s la naissance de mon dernier b\u00e9b\u00e9, je me suis rendue compte que je n\u2019\u00e9tais plus \u00e9panouie dans mon travail qui manquait cruellement de cr\u00e9ativit\u00e9, tout ce qui me d\u00e9finit&#8230;<\/p>\n\n\n\n<p>Je suis une personne nostalgique qui adore allier le pass\u00e9 avec le pr\u00e9sent et quel plus beau lien que les photos&nbsp;?<\/p>\n\n\n\n<p>Passionn\u00e9e de photographie depuis toujours, je mets un point d\u2019honneur \u00e0 faire ressortir une \u00e9motion \u00e0 travers elles, pour qu\u2019aux fils des ans, ce moment fig\u00e9 puisse revivre et vous replonger \u00e0 cette p\u00e9riode. Ne jamais oublier les mimiques de son b\u00e9b\u00e9, le ventre rond de la grossesse ou encore le 1er anniversaire de son petit bout\u2026 autant de moment qu\u2019il serait dommage d\u2019oublier.<\/p>\n\n\n\n<p>Je me suis form\u00e9e aupr\u00e8s de photographes reconnus dans ce milieu, et passionn\u00e9s autant que moi, pour apprendre au maximum \u00e0 travers leurs exp\u00e9riences.<\/p>\n\n\n\n<p>J\u2019esp\u00e8re \u00eatre celle avec qui vous immortaliserez un bout de votre histoire.<\/p>\n","protected":false},"excerpt":{"rendered":"<p>MARIE K. J\u2019ai 33 ans et je suis maman de trois enfants. Apr\u00e8s la naissance de mon dernier b\u00e9b\u00e9, je&hellip; <\/p>\n","protected":false},"author":1,"featured_media":0,"parent":0,"menu_order":0,"comment_status":"closed","ping_status":"closed","template":"","meta":{"footnotes":""},"class_list":["post-104","page","type-page","status-publish","hentry"],"_links":{"self":[{"href":"https:\/\/marie-k-photographie.fr\/index.php\/wp-json\/wp\/v2\/pages\/104","targetHints":{"allow":["GET"]}}],"collection":[{"href":"https:\/\/marie-k-photographie.fr\/index.php\/wp-json\/wp\/v2\/pages"}],"about":[{"href":"https:\/\/marie-k-photographie.fr\/index.php\/wp-json\/wp\/v2\/types\/page"}],"author":[{"embeddable":true,"href":"https:\/\/marie-k-photographie.fr\/index.php\/wp-json\/wp\/v2\/users\/1"}],"replies":[{"embeddable":true,"href":"https:\/\/marie-k-photographie.fr\/index.php\/wp-json\/wp\/v2\/comments?post=104"}],"version-history":[{"count":5,"href":"https:\/\/marie-k-photographie.fr\/index.php\/wp-json\/wp\/v2\/pages\/104\/revisions"}],"predecessor-version":[{"id":228,"href":"https:\/\/marie-k-photographie.fr\/index.php\/wp-json\/wp\/v2\/pages\/104\/revisions\/228"}],"wp:attachment":[{"href":"https:\/\/marie-k-photographie.fr\/index.php\/wp-json\/wp\/v2\/media?parent=104"}],"curies":[{"name":"wp","href":"https:\/\/api.w.org\/{rel}","templated":true}]}}